5*m. Give s(6).
-15
Suppose 8 = j - 2*y, 3*y + 16 = -y. Let u = 2 - j. Let p(f) = 3*f - 2. Calculate p(u).
4
Let u(y) = -10*y**3 + 13*y**2 + 5*y + 5. Let k(o) = 17*o**3 - 24*o**2 - 7*o - 9. Let x(f) = 3*k(f) + 5*u(f). Determine x(5).
-32
Let f(h) = 21*h**2 - 2*h + 1. Let b(r) = 41*r**2 - 4*r + 2. Let i(l) = -3*b(l) + 5*f(l). Let v(q) = -q - 2. Let k be v(-3). Give i(k).
-17
Suppose -278*r = -283*r + 10. Let k(g) = -8*g**2 + 2*g. What is k(r)?
-28
Let z(c) = c**2 + 8*c - 5. Suppose 0 = -x - 7*d - 60, 22*x = 19*x + 3*d - 12. Calculate z(x).
28
Let t = 88 + -60. Let l = t - 1. Let j(n) = l + 2*n - 4 - n - 8. What is j(0)?
15
Let g = -835 - -1303. Let v be (-14)/12 - -1 - 390/g. Let s(l) = -38*l**3 - l**2 + l + 1. Give s(v).
37
Suppose 3 = -4*n + 427. Let t = -101 + n. Let f(c) = -c**3 + 5*c**2 + 2. Calculate f(t).
2
Let j be (-231)/(-630) + (-8)/40. Let d(w) be the second derivative of -j*w**3 + 2*w**2 + 0 + 34*w. What is d(4)?
0
Let x(u) = u**3 + 15*u**2 - 17*u - 21. Suppose -5*g + 3*y = 38, g + 4*g + 4*y + 31 = 0. Let f be 14/g + 2 - 16. Determine x(f).
-5
Let u be -9*(-2)/(-27) + (-241)/3. Let p = u - -70. Let n(f) = f**2 + 11*f - 10. Give n(p).
-10
Let u(z) = -z**3 - 5485 - 2*z**2 - 8*z - 5*z**2 + 2*z + 5478. What is u(-6)?
-7
Let q(l) = 2*l - 10. Suppose 4*m - 14 = c, -2*c = -m - 3*c + 1. Determine q(m).
-4
Let k(r) = -r - 15. Suppose 10*f + 14 = -36 - 50. Give k(f).
-5
Let d(c) be the second derivative of -c**4/6 - 11*c**3/6 + c**2/2 + 3379*c. What is d(-4)?
13
Let k(a) = a**3 - 14*a**2 + 22*a + 8. Let t(x) = x**3 + 11*x**2 - 117*x - 1248. Let y be t(-12). Calculate k(y).
-16
Let y(x) = 6 - 5 + 392*x + 47 - 17*x**2 - 402*x + 16*x**2. What is y(-13)?
9
Let f(c) be the first derivative of -21/2*c**2 - c + 17. Let a be (5 - 6)*1/1. Determine f(a).
20
Let s(h) = 56*h - 130. Let t(q) = -43*q + 98. Let y(o) = 10*s(o) + 13*t(o). Determine y(25).
-1
Let d = 226 - 127. Let s = 102 - d. Let n(r) = 4*r**2 + 4*r**s + 2 - 4*r - 3*r**3 + 0*r**3 + 0*r**3. Calculate n(-4).
18
Suppose 4*u + 26 = 22. Let c(g) = -2*g + 1. Let i(v) = 7*v + 2. Let t(o) = u*i(o) - 4*c(o). Determine t(-5).
-11
Let v(h) be the second derivative of -1 - 11/6*h**3 - 3/2*h**2 + h. Give v(-2).
19
Let y(h) = h**2 + 8*h + 4. Let f(d) = -d**2 + d + 104. Let a be f(11). What is y(a)?
-8
Let k(b) = 3*b**2 + 13*b + 6. Let g be k(-4). Let h(m) = 17*m - 11*m - 11*m + 4 + m**2. Give h(g).
-2
Let g(s) = -s**2 + 2*s - 1. Let a be g(1). Let k(z) = z**2 - 6*z + a*z**2 - 3*z + 18*z. Determine k(-7).
-14
Let p(h) = h**2 - h + 1. Let s(l) = -l**3 + 9*l**2 - 18*l - 1. Let y be s(6). Let i(r) = -r**3 + 5*r**2 + r + 3. Let z(m) = y*i(m) + 2*p(m). Give z(4).
3
Let l(v) be the third derivative of -v**5/15 - v**4/12 + 2*v**2. Let y be (-44)/(16/(-8)) + (5 - -1). Suppose 20*i - 6*i + y = 0. Determine l(i).
-12
Let k(p) = 2*p - 1 - 3 + 0*p + 4 - 1. Let g be 143/44 - 2/8. Let h = g - 8. Calculate k(h).
-11
Suppose 4*a - 3*z = -7 + 24, -12 = 4*z. Let o(p) = 1 - p**2 + 14*p - 22*p - a*p. What is o(-10)?
1
Let j(r) = 15 + 4 + 8 + 8*r + 6*r. Let a be j(-2). Let l(c) = 44*c**2 + 2*c + 1. What is l(a)?
43
Let k(i) = -i**3 - 11*i**2 - i - 15. Let m(u) = u**2 + 30*u + 93. Let t be m(-26). Let q be k(t). Let n(a) = -4*a + 1. Calculate n(q).
17
Let v(b) = 8*b**2 + 187*b - 3*b**2 - 1 - 373*b + 188*b - 6*b**2. Let i = 11 + -9. Determine v(i).
-1
Let j(n) = 4*n + 5. Let x be (-32)/6 + -2 + (-77)/(-33). Give j(x).
-15
Let m(a) = 21*a + 69. Let q(z) = 27*z + 73. Let s(v) = -4*m(v) + 3*q(v). Calculate s(-19).
0
Let h(u) be the first derivative of u**4/4 - 3*u**3 + 5*u**2/2 + 15*u + 2516. Determine h(8).
-9
Let t(j) = -4*j - 2*j - 6 + j**2 - 3*j - 2*j**2. Let k(w) = -181*w + 8499. Let b be k(47). What is t(b)?
2
Suppose 0 = -13*l + 12*l + 1058. Let g(w) = -2 - l*w + 1 + 1057*w. Calculate g(-10).
9
Let p(b) = b**3 + 3*b**2 - 7*b + 6. Let z be p(4). Suppose 2*w + z = -34. Let y = 64 + w. Let r(i) = i**3 - 2*i**2 - 2*i + 1. What is r(y)?
-3
Let g(x) be the first derivative of x**4/2 - x**3 + 3*x**2/2 - 2*x - 6657. Let u = 5 - 3. What is g(u)?
8
Suppose -5*v - 478 = 6*v - 434. Let w(y) = y**2 + 7*y - 4. Let l(j) = -j**2 - 7*j + 3. Suppose -2*p + 15 = -5*p. Let g(d) = p*w(d) - 6*l(d). Determine g(v).
-10
Let r(g) = -5*g**3 + 2*g**2 + g - 2. Let p be r(-3). Let z = 143 - p. Let b(h) = -h**3 - 6*h**2 - 7*h - 6. What is b(z)?
4
Let m(k) be the first derivative of -4*k**3/3 - 9*k**2 - k + 3400. Calculate m(-3).
17
Let u(i) = i**3 + 19*i**2 - 21*i - 12. Suppose -w - 6*t + t + 70 = 0, 0 = 5*w - 2*t - 296. Suppose 12*h - w = -300. Determine u(h).
8
Let c(i) be the second derivative of 0 + 0*i**2 - 1/4*i**4 - 10*i - 1/6*i**3. Suppose -17 = -9*m + 1. What is c(m)?
-14
Let y(o) = 12*o + 73. Let d = 9154 + -9161. Determine y(d).
-11
Let n(w) be the second derivative of -11*w**2 + 0 + 7/2*w**3 - 1/12*w**4 + 14*w. Let t be n(20). Let p(k) = -k**3 - k**2 + k - 1. Determine p(t).
1
Let w(n) = n + 12. Let r be 6/(-4)*(-15)/(15/52). Suppose -9*q - 12 - r = 0. Calculate w(q).
2
Let d(i) = -i**3 - 11*i**2 - 10*i + 14. Let r be d(-10). Suppose r = -q + 13. Let w(t) = -t. Let c(u) = 3. Let b(m) = q*c(m) - w(m). Calculate b(4).
1
Let x(j) = -12*j**2 - j**3 + 3*j**2 + 22*j + 22 + 2*j**2 - 18*j. Calculate x(-7).
-6
Let u(w) = -2*w**3 + 60*w**2 + 2. Let p be u(30). Let n(i) = 11*i - 2*i - 7*i - i**p - 1 + 2*i**3 + 0. What is n(1)?
2
Let a(u) = -2*u**3 + 5*u**2 + u - 16. Let n(p) = -3*p**3 + 6*p**2 + p - 22. Let m(b) = -4*a(b) + 3*n(b). Determine m(-2).
0
Let k(m) = 4*m**2 + 22*m - 26. Let a(o) = 5*o**2 + 23*o - 28. Let b(t) = 3*a(t) - 4*k(t). Let n be b(-20). Let d(u) = -u**3 + u - 5. Calculate d(n).
-5
Let f(l) = -5*l - 1. Let n(z) = -7*z - 6. Let d(t) = -3*f(t) + 2*n(t). Calculate d(36).
27
Let b be 1 - (6/(-4) - 9/(-18)). Let l(r) = -r - r - b + 0*r. What is l(2)?
-6
Let r(a) be the first derivative of a**4/4 - 3*a**3 + 5*a**2/2 - 4*a + 1387. Give r(8).
-28
Let z = -28 - -29. Let s(u) = -8*u + 3*u - z - 2. Let d be (2/(-4))/((-2)/(-4))*5. Give s(d).
22
Let h(n) = n**3 - n**2 - 3*n - 1. Let f(q) = 7. Let d(p) = -5*f(p) - h(p). Determine d(0).
-34
Let x = -133 + 154. Suppose 6*n - x = 27. Let q(i) = i - 8. Determine q(n).
0
Let y(w) = w**3 - 11*w**2 + 11*w + 4. Let m(v) = 2*v**2 + 70*v + 250. Let f be m(-4). Give y(f).
-10
Let r(p) be the second derivative of 2*p**3 + 121*p**2/2 + 475*p - 4. Determine r(-10).
1
Suppose 0 = -z + 2*f - 7*f + 46, -5*f = -z + 86. Let d = 74 - z. Suppose -5*u = -u - d. Let b(a) = 5*a - 3. Determine b(u).
7
Let p(s) = -5*s**3 + 9*s**2 + s + 3. Suppose 10 = -3*q + 1, 2*t + 14 = -2*q. Let m(h) = 11*h**3 - 19*h**2 - 3*h - 8. Let r(w) = t*m(w) - 9*p(w). Calculate r(4).
1
Let w(n) = 7*n - 5. Let d be w(3). Let t(g) = -d*g**2 - 2*g + 15*g**2 - 3*g + 2 + 6*g. Calculate t(2).
0
Let u(w) = 188*w - 14 - w**3 - 181*w + 9 + w**2. Let p be u(2). Let v(o) = o + 1. Determine v(p).
6
Suppose 0 = 86919*p - 86917*p. Let u(m) = 3*m + 53. Let x(j) = -j - 18. Let q(c) = -3*u(c) - 8*x(c). Give q(p).
-15
Let k(t) = 2*t**2 - 6*t - 15. Suppose -184*n = 402 - 1690. Calculate k(n).
41
Suppose 3*q - w + 7 = 29, 5*q = -2*w + 33. Let l(y) = -y - 5*y - 104 + q*y + 108. Give l(3).
7
Let r(p) = p**2 - 4*p - 23. Let l = -3200 - -3207. What is r(l)?
-2
Let b(h) = -11*h**3 + 6*h**2 - 6*h + 5. Let o(q) = -8*q**3 + 6*q**2 - 5*q + 2. Let g(w) = -3*b(w) + 4*o(w). Determine g(-6).
5
Let i be ((-14)/(-35))/(5/175). Let p(c) = 2 - 26*c + i*c + 8*c + 10*c + c**2. What is p(-5)?
-3
Let n be (-2)/(-6) - 100/(-15). Let h(b) = -3*b**3 - 2*b**2 - 2*b - 2. Let z be h(-2). Let k(r) = 0*r + r - 24 + z. Give k(n).
1
Suppose -3*u = 3*c - 69, -2*u - 1 = 1. Suppose -c*z + 82 = -22*z. Let y(b) = -24*b - b**3 + 8*b**2 + z*b + 10 - 25*b. Calculate y(7).
3
Let h(w) be the second derivative of 0*w**2 + 0 + 1/2*w**4 + 52*w + 0*w**3. Determine h(1).
6
Let k(f) = 10020*f + 2 - 10021*f + 4766*f**2 - 4767*f**2. Suppose 4*n = 5*t + 17, -3*t - 5 - 1 = -n. Let b be t - -4 - 0/(-2). What is k(b)?
-10
Suppose -6*a + 77382 = -2*a - h, -5*a = 5*h - 96715. Let l(j) = -3*j**2 - 2*j**2 - 5*j - 19350 - 2*j**3 + 3*j**3 + a. Calculate l(6).
1
Let r(f) = 3*f**3 - 8*f**2 + 4*f - 5. Let q = 440 + -437. Determine r(q).
16
Let s(i) = -i**3 - 5*i**2 + 5*i + 3. Suppose 0 = -2*t + 3*b + 104, -2*t = 2*b - 4*